 19*z**2 + 7*z - 12. Let w be t(19). Suppose 5*r - w - 594 = 0. List the prime factors of r.
11, 13
Suppose 2*k = 6*k - 12. List the prime factors of (0 - 2)*k*(-308)/8.
3, 7, 11
Suppose -4*h - 775 = -9*h. Suppose 3*t = 9, 3*i + 10 = 7*i - 2*t. Suppose -i*n + h = n. What are the prime factors of n?
31
List the prime factors of (2 - -1)/((-6 + 19)/27274).
2, 3, 1049
List the prime factors of (-370)/10*109*-1.
37, 109
Let m(p) = -43*p + 739. List the prime factors of m(12).
223
Suppose 3*n - c - 90 = 2*c, 5*n + 4*c - 195 = 0. Let a = n + -20. Suppose 0 = 13*d - a*d + 80. What are the prime factors of d?
2, 5
Let k = 21 - 17. Let r = 184 + -85. Suppose -f + k*f = r. What are the prime factors of f?
3, 11
Suppose 0 = -5*o - 3*r + 32, 26 - 10 = 3*o + r. Let f = 0 - 0. Suppose -v - 2*v = -5*g - 251, f = o*v - 2*g - 316. What are the prime factors of v?
7, 11
List the prime factors of (-2)/((-30)/3789) + 6/15.
11, 23
Suppose 43801 + 83117 = 22*u. What are the prime factors of u?
3, 641
Let d(f) = 17*f + 53 - 47 - 16*f. Let p = 10 - 4. What are the prime factors of d(p)?
2, 3
What are the prime factors of (-12)/8*(5*-141 + -1)?
3, 353
Suppose i + 4*f = 5*f + 1603, -i = 2*f - 1612. List the prime factors of i.
2, 11, 73
Let d(z) = -z**3 - 15*z**2 - 7*z + 54. What are the prime factors of d(-17)?
751
Suppose 0 = 4*r - 17 + 101. What are the prime factors of (-555)/r + (-6)/14?
2, 13
Let b(k) = k**3 + 33*k**2 + 9*k + 136. What are the prime factors of b(-16)?
2, 3, 181
Suppose 2026 = 6*d + 232. What are the prime factors of d?
13, 23
Let h = -36 - -50. Let s be ((-24)/h)/(6/(-21)). What are the prime factors of (-117)/(-12) + s/24?
2, 5
Let f(w) = w. Let c(z) = -32*z - 2. Let o(n) = -c(n) - 3*f(n). Let p(g) = 86*g + 6. Let a(m) = -16*o(m) + 5*p(m). List the prime factors of a(-2).
2, 3, 11
Suppose -5*r = 24 + 36. What are the prime factors of r/42 + (-114)/(-7)?
2
Suppose -2*i + 1 = -3. Suppose -n = i*h + 4*n - 28, 0 = -2*h + n + 28. What are the prime factors of h?
2, 7
Suppose -n + 19 = 5. Suppose 0 = -s + 1 + n. Let d = s - 6. List the prime factors of d.
3
Let c be -7 + (-4)/8*-6. Let z = c + 6. List the prime factors of z.
2
Let l(x) = -x**3 - 7*x**2 + 7*x - 9. Let u be l(-8). Let c(z) = -2*z - 2*z**2 + 4*z**2 - 4 + 2 + 1. List the prime factors of c(u).
3
Let p be 18/45 - (-104)/5*-3. Let u = p + 141. What are the prime factors of u?
79
Suppose -5*i - 4*d + 68 = 0, -d - 2*d = i - 7. Suppose i = -2*o + 6*o. Suppose -99 = -o*x - 15. List the prime factors of x.
3, 7
Let r(m) = -21*m**2 - m + 5. Let y be r(4). Let o = 217 + y. List the prime factors of (2*o/2)/(-2).
59
Let y be 1*(-7)/((-14)/(-4)). Let n(r) = -67*r + 4. List the prime factors of n(y).
2, 3, 23
Let v be 5 - (5 - (-8)/(-4)). Let n(q) be the first derivative of q**3/3 - 2*q - 2. List the prime factors of n(v).
2
Suppose -1 - 95 = -3*s. Suppose z - 5 = 2*q, -z - 5*q = -0*q - 5. Suppose z*g - 33 = s. List the prime factors of g.
13
Let p = 1137 - -496. What are the prime factors of p?
23, 71
Suppose r - 7 + 2 = 0. Let y(u) = 35 + 3*u**2 - u**3 - r*u**2 + 2*u**2 + u**2. List the prime factors of y(0).
5, 7
List the prime factors of (-4)/12 - 5540/(-6).
13, 71
Let n(i) = i**2 + 7*i - 1. Let a be n(-9). Suppose 0 = 3*c - 5*z - 21, -z + 6*z + a = c. Suppose -c*t = 4*w - 110, 10 = -2*t + 4*t. List the prime factors of w.
5
Suppose -8*h - 112 = -488. Suppose -4*m - 10 + 98 = 0. Let o = h - m. List the prime factors of o.
5
Let o(a) = -a + 4. Let b be o(7). Let k be (b*3)/3*-1. Let q = 11 - k. What are the prime factors of q?
2
Suppose -31*q - 14*q = -63495. List the prime factors of q.
17, 83
Let u(n) = n**2 + 11*n + 2. Let w be u(-9). What are the prime factors of (-2)/(-24)*-3 + (-2772)/w?
173
Let l = 4669 + -3097. List the prime factors of l.
2, 3, 131
Suppose -4*i + 6*i - 136 = 0. Let h = i + -26. What are the prime factors of h?
2, 3, 7
List the prime factors of (-7)/(-7) + 1381 + -2 + -4.
2, 43
Let k = -249 - -131. Let i = 242 + k. What are the prime factors of i?
2, 31
Let k be (0 - -10)*(-7)/(-7). Let r be (k - 8) + (-2)/(-2). Suppose 5*z = -3*f + 130, -5*z + r*f = 6 - 106. List the prime factors of z.
23
Let d = 505 + -382. What are the prime factors of d?
3, 41
Let x(f) = f**3 + 15*f**2 + 22*f - 13. Let k(g) = -g**3 + 24*g**2 + 52*g - 11. Let w be k(26). What are the prime factors of x(w)?
229
Suppose 1 - 13 = -4*r. Let k(o) = r*o - 4*o**2 - 3 + 5*o**2 + 2*o - 3*o. What are the prime factors of k(-7)?
2
Suppose -8*c - 1757 = -2*v - 3*c, -5*v + 2*c + 4403 = 0. What are the prime factors of v?
881
Let h = -330 - -664. Let l = h + -171. Suppose 5*y - l = -0*g - 2*g, 0 = -2*y + 3*g + 69. List the prime factors of y.
3, 11
Let i be 3 - (-2 + 1 + 2). Suppose 0 = -y + 2*x, -4*y + 3*x - i*x = 0. Suppose y*k - 2*k + 70 = 0. List the prime factors of k.
5, 7
Let t(s) be the first derivative of -3*s**5/4 + s**4/12 - 4*s - 3. Let w(g) be the first derivative of t(g). List the prime factors of w(-1).
2
Suppose 0 = f + q - 1, 5 + 1 = -3*q. Suppose -n + 5*d = -33, 4*n - f*d - 225 = -25. List the prime factors of n.
53
Suppose -20*w = -16*w - 1240. Let d = 606 - w. What are the prime factors of d?
2, 37
Suppose 2*g - 674 = 5*t, -3*t + 2*g = -2*t + 138. Let k = 288 + t. List the prime factors of k.
2, 7, 11
Suppose -2*c + 24161 = 35*c. What are the prime factors of c?
653
Let m(h) = 2*h**2 - 25*h - 53. What are the prime factors of m(44)?
2719
Let l(o) = 244*o**2 - o + 9. Let a(y) = 81*y**2 + 3. Let q(v) = 7*a(v) - 2*l(v). List the prime factors of q(-1).
2, 5
Suppose -4*i + 4 = 0, -4*i = -5*z + i + 1565. Suppose 5*b - 330 = 5*d, -5*b + 0*d = -d - z. List the prime factors of b.
2, 31
Let p(c) be the third derivative of c**3 + 5*c**2 + 0 + 1/12*c**4 + 0*c + 1/60*c**5. What are the prime factors of p(-6)?
2, 3, 5
Let c(i) = -29*i + 47. List the prime factors of c(-7).
2, 5
Suppose 3*c - 2*c = 16. Let a = c - 12. Suppose a*f - 144 = -0*y - 4*y, -3*y + 93 = -2*f. List the prime factors of y.
3, 11
Let h(y) = -y**2 + 13*y - 16. Let i be h(13). Let z(d) = 61*d - 1. Let w be z(-1). Let a = i - w. What are the prime factors of a?
2, 23
Let s(h) = -h - 8. Let w be s(-10). Suppose -w*r + 1 = -3. What are the prime factors of (864/80)/(r/5)?
3
Suppose 0 = 2*a + 3*n - 2567, -11*n + 7*n = 4*a - 5132. List the prime factors of a.
2, 641
Let l = 776 + -505. What are the prime factors of l?
271
Let l(c) be the second derivative of c**5/20 + c**4/4 - c**2/2 + 5*c. Let d = -17 + 15. What are the prime factors of l(d)?
3
Suppose -2 = y, 5*j + 7*y - 6*y - 1338 = 0. What are the prime factors of j?
2, 67
Suppose -2*k - 8 = -10*k. What are the prime factors of 8 - 11 - (3 - (216 + k))?
211
Suppose -1727 - 2968 = -5*h. What are the prime factors of h?
3, 313
Let u(d) = 18*d**2 + 22*d - 137. List the prime factors of u(7).
29, 31
Suppose -4*b = -p - 10, 4*b + 1 = -4*p + 21. Let i(r) = 4*r - 4. Let k be i(b). Suppose -k = -5*o + 112. What are the prime factors of o?
2, 3
Let d be 2/(-6) + 7/3. Suppose d*i - 710 = -284. What are the prime factors of i?
3, 71
Let n(k) = -24*k + 589. What are the prime factors of n(0)?
19, 31
Suppose 0 = -d - 3*d + 5*n + 8217, -5*n - 4121 = -2*d. List the prime factors of d.
2
Let i(g) = 5*g**2 + 11*g + 11. Let j(c) = -c**2. Let n(m) = i(m) + 6*j(m). Let l be 4 + (-256)/(-40) - (-2)/(-5). List the prime factors of n(l).
3, 7
Suppose -158 = -r + 531. What are the prime factors of r?
13, 53
Let r be 10/(-35) + (-4)/(-14). Suppose -3*z + 34 + 80 = r. What are the prime factors of z?
2, 19
Let a = 106 - 55. List the prime factors of a.
3, 17
Let p(s) = -s**2 - 49*s - 90. List the prime factors of p(-26).
2, 127
Let x(d) = -d**3 - 17*d**2 - 18*d - 5. Let z be x(-16). Let m be 0*1/4*-2. Suppose m*g - g = -z. List the prime factors of g.
3
Let r = -4 - 8. Let m = r - -12. Suppose m*i + 3*s = i - 15, 0 = 4*s + 12. List the prime factors of i.
2, 3
Let z(k) = 127*k + 10. List the prime factors of z(11).
3, 7, 67
Suppose 4*d + 8 + 0 = 0. What are the prime factors of 0 + 3 - 3 - d?
2
Let g be 1/(((-9)/6)/(-3)). Let l(r) = 12*r**2 - r - 2. What are the prime factors of l(g)?
2, 11
Let r(c) = -c**3 + 7*c**2 + 5*c + 2. Suppose -x = -3*x + 12. List the prime factors of r(x).
2, 17
List the prime factors 